 = -21*y - 1. Let t(i) = -11*l(i) + 2*u(i). What is t(10)?
18
Let s(r) = -r - 8. Suppose -3*f + 0*f - 6 = -3*w, 26 = 2*f + 4*w. Suppose v - 4*v - 43 = 5*h, -f*h = 15. Give s(v).
-2
Suppose -a = k - 1, -k + a = -a - 7. Let r(h) = 0*h + 2*h - k - 4*h + 6*h. Calculate r(2).
5
Let u(o) be the second derivative of o**5/20 + o**4 + 2*o**3 + 7*o**2 + 16*o. Let k(h) = -2*h**3 + 31*h**2 - 15*h - 11. Let n be k(15). Give u(n).
3
Suppose 225 = 14*u + 113. Let q(b) = -4*b**3 + 3*b**3 + 13*b**2 + 8*b - 6*b**2 + 1. What is q(u)?
1
Suppose -5*m - 4*q + 30 = 4, 0 = -3*m + 2*q - 2. Let j(s) = -s**m + 2 + 11*s + 0*s**2 - 17*s. Let k = 7 + -13. Calculate j(k).
2
Let i(j) be the third derivative of j**6/120 - j**5/30 - 11*j**4/24 + j**3 + 266*j**2. What is i(4)?
-6
Let o(y) = -y**3 + 10*y**2 - 12*y + 11. Suppose 0 = z + 5*m + 16, 2*m = -z + 4 - 5. What is o(z)?
-16
Let n = 0 + 2. Suppose 7 + n = 3*s. Suppose -m = s, -5*k = 2*m + m + 39. Let t(g) = -g**2 - 7*g - 3. Calculate t(k).
3
Let r(d) = -11*d + 11. Let q(p) = -2 - 5 + 2*p + 2*p + 3. Let i(o) = -8*q(o) - 3*r(o). Calculate i(0).
-1
Let w(o) = 2*o**3 + 7*o**2 - 3*o + 10. Let t(h) = -3*h**3 - 8*h**2 + 2*h - 11. Let c(j) = -3*t(j) - 4*w(j). What is c(3)?
2
Let r(d) = -8*d**2 + 4*d - 2. Let h(m) = -25*m**2 + 14*m - 6. Let p(w) = -2*h(w) + 7*r(w). Give p(2).
-26
Suppose -j = -3*j + 30. Suppose w + d = -2 - 0, -3*d - j = 0. Let u(r) = 3 + 3 - r + 1 + r**2 - 3. Give u(w).
10
Let m(u) = u**3 + u**2. Let z(t) = 192 - 186 + 6*t + 3*t**3 + 4*t**2 - 4*t**3. Let a(k) = -2*m(k) - z(k). Let d be -3 - (-5)/((-10)/4). What is a(d)?
-1
Suppose 3*r = v - 3*v + 2, -4*v = -r + 10. Let a(y) be the third derivative of -y**4/6 + y**3/6 + 3*y**2. Determine a(r).
-7
Let z(x) = -x**2 - 7*x + 3. Let q(a) = 1. Let t(d) = -2*q(d) - z(d). Calculate t(-7).
-5
Let u(c) be the first derivative of -5*c**3/3 + c**2 + c - 4. Suppose 52*s - 176 = 56*s. Let h = 43 + s. What is u(h)?
-6
Let h(c) = 8*c**2 + 6*c + 9. Let o(x) = -3*x**2 - 2*x - 3. Let a(b) = -4*h(b) - 11*o(b). Let m be 12*1*2/6. Determine a(m).
5
Let b(q) = -q**3 - 2*q**2 - 13*q - 6. Let n(x) = x**3 + 2*x**2 + 16*x + 7. Let v(f) = 6*b(f) + 5*n(f). What is v(-4)?
23
Let f(p) be the first derivative of -5/3*p**3 - 1 + 3*p**2 - 1/4*p**4 + 3*p. Suppose i + i = 3*v - 3, i = -3*v - 15. Give f(i).
3
Let z(x) = -x**2 + 5*x - 1. Suppose 809*q + 54 = 818*q. What is z(q)?
-7
Let z(c) = c**2 + c + 5. Let t be z(0). Let l(s) = -4*s + 5*s + t*s - 5*s - 3. Calculate l(2).
-1
Let x be (-8)/(-28) + 150/14. Let h(i) = 2*i + 6. Let u(c) = -c - 1. Let z(f) = -6*f - 8. Let d(w) = -5*u(w) + z(w). Let m(v) = x*d(v) + 6*h(v). Calculate m(6).
9
Let k(i) = -3*i - 6. Let c(n) = -n - 37. Let o be c(-33). Give k(o).
6
Let n = 80 + -89. Let g(t) = -t**2 - 9*t - 9. Give g(n).
-9
Let t(b) = 4*b**2 - 7*b - 6*b**2 + b**2 + 1. Let a(k) = -8*k**3 + k**2 + 13*k - 12. Let w be a(1). Determine t(w).
7
Suppose 6*b - 50 = b. Suppose 4*i = -i + b. Suppose 2*d + 0*d + 3*m - 14 = 0, -8 = -i*m. Let q(u) = -6*u**2 - u + 1. Determine q(d).
-6
Let n(a) = a**3 - 2*a**2 - 7*a + 13. Let w be 36/8 + (252/24 - 11). Determine n(w).
17
Let s be (2/(-6)*0)/3. Suppose s = 3*c + 3*c. Let k(j) be the first derivative of -j**3/3 - j**2/2 + j - 1. Calculate k(c).
1
Suppose -1 = -3*n - 4*y, 2*n - 6*n + 22 = -5*y. Suppose 0 = -r + p + n, -2*p - 7 = -r - 1. Let x(c) = 5*c + 0*c**2 + r*c + 0 - 3 - c**2. What is x(6)?
-9
Let n be 0 + (-2)/((-6)/(-3)). Let d(r) = 13*r. Let k(q) = -q. Let w(p) = 4*d(p) + 44*k(p). Determine w(n).
-8
Suppose 4*q = -q - 10. Let b be 1 + -2 + 0/q. Let d = -7 - b. Let p(k) = -k**2 - 6*k. Give p(d).
0
Let a = 3 + -1. Let j be 123/39 + a/(-13). Let p(m) = 0*m**2 + j*m + m**2 - 2*m**2 + 2*m. Give p(5).
0
Let i(q) = q**3 + 19*q**2 - 9*q - 188. Let d be i(-19). Let o(t) = -t - 7. Calculate o(d).
10
Let m(k) = 5*k**2 - 41*k - 7. Let a(v) = -9*v**2 + 75*v + 13. Let r(b) = -6*a(b) - 11*m(b). Suppose 5*w + 20 + 0 = 0. Calculate r(w).
-21
Let b(f) = -59*f**2 + 38*f**2 - 5*f + 1 + 23*f**2. Calculate b(4).
13
Let g(y) = 2*y - 3. Let i(m) = 2*m - 4. Let q(v) = -2*g(v) + 3*i(v). Let w(p) = 8 + 3*p**2 - 3 + 2*p**3 - p**3 - 4*p**2. Let o be w(0). Calculate q(o).
4
Let z = 539 - 541. Let n(h) = 2 + h**2 + 4*h - 2*h - 2*h**2. Determine n(z).
-6
Let n(h) = -h**2 + h + 1. Let v(k) = k**3 - 11*k - 2. Let q(l) = -5*n(l) - v(l). Let j be q(6). Let z(f) = -f - 5. What is z(j)?
-2
Let c(o) be the second derivative of 0 - 8*o + 1/2*o**3 + 1/2*o**2. Calculate c(5).
16
Let p(l) be the first derivative of 2*l**2 + l + 1. Let g(c) = 3*c + 3. Let o be g(-5). Let j = o + 9. Give p(j).
-11
Suppose u - 5*m - 22 = 0, -u - m = u - 44. Let d be u/(-33)*9/(-2). Let c(s) = -2*s**3 - 4*s**3 - 2*s**2 - 1 + s**3 - 3*s + d*s**3. What is c(-2)?
13
Let m(v) = -16071*v + 7*v**2 + 16071*v + v**3 + 1. Give m(-7).
1
Let o(p) be the second derivative of 1/6*p**3 - 15*p + 0 - 1/2*p**2. Determine o(8).
7
Let u(l) = l**3 - 10*l**2 + 2*l - 15. Suppose -4*r = -5*y + 62, 5*r + 43 = -3*y + 58. Calculate u(y).
5
Suppose -5 + 12 = -w. Let y(m) = m**3 + 7*m**2 + 3*m + 7. Calculate y(w).
-14
Let k(b) = b**3 - b**2 + 5*b + 3. Let o(r) = 2*r**3 - 5*r**2 + 11*r + 5. Let n(f) = 7*k(f) - 3*o(f). Give n(-8).
-10
Let n(x) be the second derivative of -x**7/2520 - x**6/144 + x**5/40 - x**4/12 - 12*x. Let w(a) be the third derivative of n(a). Give w(-4).
7
Let s(o) = -o**2 + 10*o + 16. Let v = 1438 + -1428. What is s(v)?
16
Suppose 0*n + 10 = 5*n. Let w be 1/((-39)/18 + n). Let x(q) = 11*q**2 - q - 2. Let f(u) = -5*u**2 + u + 1. Let k(m) = w*x(m) - 13*f(m). What is k(-6)?
5
Let g(d) = 1 - 3639*d + 2 + 3640*d. Give g(-6).
-3
Let p(l) be the second derivative of -16*l**3/3 - l**2 - 752*l. Give p(1).
-34
Let d = 49 - 31. Let w(k) = -9*k**2 + d*k + 2*k**3 - 3 + 39*k - k**3 - 47*k. Determine w(8).
13
Suppose 0*a - 2*a - 8 = 2*j, -2*j + 2*a = 16. Let q(m) = -m**2 - 6*m + 1. Give q(j).
1
Suppose 0 = 6*f - 10*f - 2*f. Let u(w) = -w - 1. Determine u(f).
-1
Let w(c) = c**3 + 3*c**2 + 4*c + 2. Let b(r) be the first derivative of -r**4/4 - 4*r**3/3 - r**2/2 - 6*r + 14. Let n be b(-4). Calculate w(n).
-2
Let a(h) = h**2 + 3. Suppose 2*u + 16 = 2*v, -2*u = -3*v - 5*u - 6. Calculate a(v).
12
Let h(n) = -n**3 + n**2 + 11*n - 1. Let c be h(-3). Let j(k) = k - 2. Give j(c).
0
Let k be (4 + 0)*-1 + 6. Let s(x) = 2*x + x - 3*x**2 + 3*x - 10 + 4*x**k. What is s(-7)?
-3
Suppose 0 = -15*h + 20*h - 15. Let s(a) = -h*a**2 - 4*a - 10*a**2 + 14*a**2 + 3*a. Give s(-3).
12
Let j(v) be the first derivative of v**2/2 + 4*v - 1. Suppose 0 = 4*z - 4*y - 4, -379 + 368 = 4*z + y. Give j(z).
2
Let h(y) be the first derivative of y**4/4 + 12*y - 143. Determine h(0).
12
Suppose -2*n = 2*d + 3*d - 3, n = -3*d + 2. Let f be 95/57*d*3. Let w(s) = 5*s - 7. Determine w(f).
18
Let x(b) = -b**3 - 5*b**2 + 5*b - 2. Suppose 4*g - 2*g = -12. Let t be x(g). Let o(p) = t - 7 + 1 + p + 8. Calculate o(-5).
1
Let s(g) = 7*g**3 - 3*g**3 - g - 9*g + 9*g. Determine s(1).
3
Let q(a) = -a**2 - a + 4. Suppose 5*c + 15 = 3*m, -4*m + 3*c = -12 - 8. Let i = m + 11. Let t = i + -20. What is q(t)?
-8
Let f(h) = h**3 + 5*h**2 + 5*h + 11. Let q be (27 + -28)/(8/(-10) + 1). Calculate f(q).
-14
Let i(b) = -7*b + 14. Let n(q) = q - 3. Let l(v) = v**3 - 3*v - 4. Let u be l(3). Let z(f) = u*n(f) + 3*i(f). What is z(2)?
-14
Let u(z) be the first derivative of -z**3/3 + 3*z**2 - z - 1. Let c(l) = -3*l**3 - 53*l**2 - 34*l + 4. Let f be c(-17). Give u(f).
7
Let q(u) = u**2. Suppose -3*h + h + 17 = -5*a, 5*h - a - 31 = 0. Suppose -42 - 22 = -16*j. Suppose -j*c = 2*d - 2*c - 4, -3*d + 5*c + h = 0. Calculate q(d).
4
Let b(m) = -79 - 2*m + 79. Determine b(-3).
6
Let q be -3*1 - 0/1. Let r(g) = -17*g + 27. Let d(b) = -14*b + 23. Let u(h) = 6*d(h) - 5*r(h). What is u(q)?
0
Let f(v) = 3*v**3 + v**2 - 1. Let a(p) = 2*p + 9. Let g be a(-4). Suppose g = -0*y - y. Calculate f(y).
-3
Let k(h) = h**3 + 9*h**2 - 2*h - 14. Suppose -i - 263 = -254. Calculate k(i).
4
Let s(o) = 90*o + 18 + 97*o - 186*o. Calculate s(-8).
10
Let v(t) be the third derivative of -t**4/24 - t**3/3 - 15*t**2 + 1. Suppose 4*z + 4*a + 20 + 0 = 0, 5*z - 5*a = -75. Let u = z + 4. Determine v(u).
4
Suppose -11*d = -19*d - 608. Let t = -71 - d. Let v(o) be the second derivative of -o**3/6 - o**2/2 - 2*o. C